{"id":1117,"date":"2022-03-17T09:42:20","date_gmt":"2022-03-17T09:42:20","guid":{"rendered":"http:\/\/www.eplefpa-saint-yrieix.fr\/cfppa\/?page_id=1117"},"modified":"2025-10-06T14:05:32","modified_gmt":"2025-10-06T13:05:32","slug":"antenne-du-cfppa-le-portail","status":"publish","type":"page","link":"http:\/\/www.eplefpa-saint-yrieix.fr\/cfppa\/antenne-du-cfppa-le-portail\/","title":{"rendered":"Antenne du CFPPA &#8211; \u00ab\u00a0Le Portail\u00a0\u00bb"},"content":{"rendered":"\n<p>L&rsquo;antenne du CFPPA nomm\u00e9e depuis de nombreuses ann\u00e9es \u00ab\u00a0le Portail\u00a0\u00bb dispense des formations de remise \u00e0 niveau de comp\u00e9tences. La formation Socle de comp\u00e9tences sur les itin\u00e9raires 1, 3 et 4 ont d\u00e9but\u00e9es en janvier 2025.<\/p>\n\n\n\n<figure class=\"wp-block-image size-large is-resized\"><img loading=\"lazy\" decoding=\"async\" width=\"1024\" height=\"605\" src=\"http:\/\/www.eplefpa-saint-yrieix.fr\/cfppa\/wp-content\/uploads\/2022\/03\/Maps-1024x605.jpg\" alt=\"\" class=\"wp-image-1132\" style=\"width:602px;height:355px\" srcset=\"http:\/\/www.eplefpa-saint-yrieix.fr\/cfppa\/wp-content\/uploads\/2022\/03\/Maps-1024x605.jpg 1024w, http:\/\/www.eplefpa-saint-yrieix.fr\/cfppa\/wp-content\/uploads\/2022\/03\/Maps-300x177.jpg 300w, http:\/\/www.eplefpa-saint-yrieix.fr\/cfppa\/wp-content\/uploads\/2022\/03\/Maps-768x454.jpg 768w, http:\/\/www.eplefpa-saint-yrieix.fr\/cfppa\/wp-content\/uploads\/2022\/03\/Maps.jpg 1267w\" sizes=\"auto, (max-width: 1024px) 100vw, 1024px\" \/><\/figure>\n","protected":false},"excerpt":{"rendered":"<p> <a class=\"more-link\" href=\"http:\/\/www.eplefpa-saint-yrieix.fr\/cfppa\/antenne-du-cfppa-le-portail\/\">Lire plus &#8230;<\/a><\/p>\n","protected":false},"author":3,"featured_media":0,"parent":0,"menu_order":0,"comment_status":"closed","ping_status":"closed","template":"","meta":{"footnotes":""},"class_list":["post-1117","page","type-page","status-publish","hentry"],"_links":{"self":[{"href":"http:\/\/www.eplefpa-saint-yrieix.fr\/cfppa\/wp-json\/wp\/v2\/pages\/1117","targetHints":{"allow":["GET"]}}],"collection":[{"href":"http:\/\/www.eplefpa-saint-yrieix.fr\/cfppa\/wp-json\/wp\/v2\/pages"}],"about":[{"href":"http:\/\/www.eplefpa-saint-yrieix.fr\/cfppa\/wp-json\/wp\/v2\/types\/page"}],"author":[{"embeddable":true,"href":"http:\/\/www.eplefpa-saint-yrieix.fr\/cfppa\/wp-json\/wp\/v2\/users\/3"}],"replies":[{"embeddable":true,"href":"http:\/\/www.eplefpa-saint-yrieix.fr\/cfppa\/wp-json\/wp\/v2\/comments?post=1117"}],"version-history":[{"count":8,"href":"http:\/\/www.eplefpa-saint-yrieix.fr\/cfppa\/wp-json\/wp\/v2\/pages\/1117\/revisions"}],"predecessor-version":[{"id":1629,"href":"http:\/\/www.eplefpa-saint-yrieix.fr\/cfppa\/wp-json\/wp\/v2\/pages\/1117\/revisions\/1629"}],"wp:attachment":[{"href":"http:\/\/www.eplefpa-saint-yrieix.fr\/cfppa\/wp-json\/wp\/v2\/media?parent=1117"}],"curies":[{"name":"wp","href":"https:\/\/api.w.org\/{rel}","templated":true}]}}

<p>L&rsquo;antenne du CFPPA nommée depuis de nombreuses années « le Portail » dispense des formations de remise à niveau de compétences. La formation Socle de compétences sur les itinéraires 1, 3 et 4 ont débutées en janvier 2025.</p>



<figure class="wp-block-image size-large is-resized"><img loading="lazy" decoding="async" width="1024" height="605" src="http://www.eplefpa-saint-yrieix.fr/cfppa/wp-content/uploads/2022/03/Maps-1024x605.jpg" alt="" class="wp-image-1132" style="width:602px;height:355px" srcset="http://www.eplefpa-saint-yrieix.fr/cfppa/wp-content/uploads/2022/03/Maps-1024x605.jpg 1024w, http://www.eplefpa-saint-yrieix.fr/cfppa/wp-content/uploads/2022/03/Maps-300x177.jpg 300w, http://www.eplefpa-saint-yrieix.fr/cfppa/wp-content/uploads/2022/03/Maps-768x454.jpg 768w, http://www.eplefpa-saint-yrieix.fr/cfppa/wp-content/uploads/2022/03/Maps.jpg 1267w" sizes="auto, (max-width: 1024px) 100vw, 1024px" /></figure>
