{"id":1125,"date":"2022-03-17T09:51:25","date_gmt":"2022-03-17T09:51:25","guid":{"rendered":"http:\/\/www.eplefpa-saint-yrieix.fr\/cfppa\/?page_id=1125"},"modified":"2025-10-06T14:24:18","modified_gmt":"2025-10-06T13:24:18","slug":"formation-remise-a-niveau","status":"publish","type":"page","link":"http:\/\/www.eplefpa-saint-yrieix.fr\/cfppa\/formation-remise-a-niveau\/","title":{"rendered":"Formation remise \u00e0 niveau"},"content":{"rendered":"\n<p>Mise \u00e0 jour 12 juin 2025<\/p>\n\n\n\n<p>Le CFPPA de St Yrieix la Perche va dispenser \u00e0 partir de janvier 2025 la formation Socle de Comp\u00e9tences avec les Itin\u00e9raires 1, 3 et 4.<\/p>\n\n\n\n<p>Ces formations sont destin\u00e9es pour des personnes en recherche d\u2019emploi de plus de 16 ans pouvant travailler en milieu ordinaire et rencontrant des difficult\u00e9s d\u2019insertion et\/ou d\u2019apprentissage, les b\u00e9n\u00e9ficiaires du RSA inscrits \u00e0 France Travail et les salari\u00e9s en insertion par l\u2019activit\u00e9 \u00e9conomique<\/p>\n\n\n\n<h3 class=\"wp-block-heading\"><a href=\"http:\/\/www.eplefpa-saint-yrieix.fr\/cfppa\/wp-content\/uploads\/2025\/01\/Itineraire-1.pdf\" target=\"_blank\" rel=\"noreferrer noopener nofollow\">Itin\u00e9raire 1<\/a> Ecrire, compter, Lire<\/h3>\n\n\n\n<h3 class=\"wp-block-heading\"><a href=\"http:\/\/www.eplefpa-saint-yrieix.fr\/cfppa\/wp-content\/uploads\/2025\/01\/Itineraire-3.pdf\" target=\"_blank\" rel=\"noreferrer noopener\">Itin\u00e9raire 3<\/a> Num\u00e9rique<\/h3>\n\n\n\n<h3 class=\"wp-block-heading\"><a href=\"http:\/\/www.eplefpa-saint-yrieix.fr\/cfppa\/wp-content\/uploads\/2025\/01\/Itineraire-4.pdf\" target=\"_blank\" rel=\"noreferrer noopener\">Itin\u00e9raire 4<\/a> Langue Anglaise, Expression orale, Remise \u00e0 niveau en fran\u00e7ais, remise \u00e0 niveau en math\u00e9matique<\/h3>\n\n\n\n<figure class=\"wp-block-image size-full is-resized\"><img loading=\"lazy\" decoding=\"async\" width=\"502\" height=\"499\" src=\"https:\/\/www.eplefpa-saint-yrieix.fr\/cfppa\/wp-content\/uploads\/2025\/10\/Socle.png\" alt=\"\" class=\"wp-image-1772\" style=\"width:163px;height:auto\" srcset=\"http:\/\/www.eplefpa-saint-yrieix.fr\/cfppa\/wp-content\/uploads\/2025\/10\/Socle.png 502w, http:\/\/www.eplefpa-saint-yrieix.fr\/cfppa\/wp-content\/uploads\/2025\/10\/Socle-300x298.png 300w, http:\/\/www.eplefpa-saint-yrieix.fr\/cfppa\/wp-content\/uploads\/2025\/10\/Socle-150x150.png 150w, http:\/\/www.eplefpa-saint-yrieix.fr\/cfppa\/wp-content\/uploads\/2025\/10\/Socle-200x200.png 200w, http:\/\/www.eplefpa-saint-yrieix.fr\/cfppa\/wp-content\/uploads\/2025\/10\/Socle-100x100.png 100w, http:\/\/www.eplefpa-saint-yrieix.fr\/cfppa\/wp-content\/uploads\/2025\/10\/Socle-40x40.png 40w\" sizes=\"auto, (max-width: 502px) 100vw, 502px\" \/><\/figure>\n\n\n\n<p><\/p>\n","protected":false},"excerpt":{"rendered":"<p> <a class=\"more-link\" href=\"http:\/\/www.eplefpa-saint-yrieix.fr\/cfppa\/formation-remise-a-niveau\/\">Lire plus &#8230;<\/a><\/p>\n","protected":false},"author":3,"featured_media":0,"parent":0,"menu_order":0,"comment_status":"closed","ping_status":"closed","template":"","meta":{"footnotes":""},"class_list":["post-1125","page","type-page","status-publish","hentry"],"_links":{"self":[{"href":"http:\/\/www.eplefpa-saint-yrieix.fr\/cfppa\/wp-json\/wp\/v2\/pages\/1125","targetHints":{"allow":["GET"]}}],"collection":[{"href":"http:\/\/www.eplefpa-saint-yrieix.fr\/cfppa\/wp-json\/wp\/v2\/pages"}],"about":[{"href":"http:\/\/www.eplefpa-saint-yrieix.fr\/cfppa\/wp-json\/wp\/v2\/types\/page"}],"author":[{"embeddable":true,"href":"http:\/\/www.eplefpa-saint-yrieix.fr\/cfppa\/wp-json\/wp\/v2\/users\/3"}],"replies":[{"embeddable":true,"href":"http:\/\/www.eplefpa-saint-yrieix.fr\/cfppa\/wp-json\/wp\/v2\/comments?post=1125"}],"version-history":[{"count":12,"href":"http:\/\/www.eplefpa-saint-yrieix.fr\/cfppa\/wp-json\/wp\/v2\/pages\/1125\/revisions"}],"predecessor-version":[{"id":1773,"href":"http:\/\/www.eplefpa-saint-yrieix.fr\/cfppa\/wp-json\/wp\/v2\/pages\/1125\/revisions\/1773"}],"wp:attachment":[{"href":"http:\/\/www.eplefpa-saint-yrieix.fr\/cfppa\/wp-json\/wp\/v2\/media?parent=1125"}],"curies":[{"name":"wp","href":"https:\/\/api.w.org\/{rel}","templated":true}]}}

Formation remise à niveau

<p>Mise à jour 12 juin 2025</p>



<p>Le CFPPA de St Yrieix la Perche va dispenser à partir de janvier 2025 la formation Socle de Compétences avec les Itinéraires 1, 3 et 4.</p>



<p>Ces formations sont destinées pour des personnes en recherche d’emploi de plus de 16 ans pouvant travailler en milieu ordinaire et rencontrant des difficultés d’insertion et/ou d’apprentissage, les bénéficiaires du RSA inscrits à France Travail et les salariés en insertion par l’activité économique</p>



<h3 class="wp-block-heading"><a href="http://www.eplefpa-saint-yrieix.fr/cfppa/wp-content/uploads/2025/01/Itineraire-1.pdf" target="_blank" rel="noreferrer noopener nofollow">Itinéraire 1</a> Ecrire, compter, Lire</h3>



<h3 class="wp-block-heading"><a href="http://www.eplefpa-saint-yrieix.fr/cfppa/wp-content/uploads/2025/01/Itineraire-3.pdf" target="_blank" rel="noreferrer noopener">Itinéraire 3</a> Numérique</h3>



<h3 class="wp-block-heading"><a href="http://www.eplefpa-saint-yrieix.fr/cfppa/wp-content/uploads/2025/01/Itineraire-4.pdf" target="_blank" rel="noreferrer noopener">Itinéraire 4</a> Langue Anglaise, Expression orale, Remise à niveau en français, remise à niveau en mathématique</h3>



<figure class="wp-block-image size-full is-resized"><img loading="lazy" decoding="async" width="502" height="499" src="https://www.eplefpa-saint-yrieix.fr/cfppa/wp-content/uploads/2025/10/Socle.png" alt="" class="wp-image-1772" style="width:163px;height:auto" srcset="http://www.eplefpa-saint-yrieix.fr/cfppa/wp-content/uploads/2025/10/Socle.png 502w, http://www.eplefpa-saint-yrieix.fr/cfppa/wp-content/uploads/2025/10/Socle-300x298.png 300w, http://www.eplefpa-saint-yrieix.fr/cfppa/wp-content/uploads/2025/10/Socle-150x150.png 150w, http://www.eplefpa-saint-yrieix.fr/cfppa/wp-content/uploads/2025/10/Socle-200x200.png 200w, http://www.eplefpa-saint-yrieix.fr/cfppa/wp-content/uploads/2025/10/Socle-100x100.png 100w, http://www.eplefpa-saint-yrieix.fr/cfppa/wp-content/uploads/2025/10/Socle-40x40.png 40w" sizes="auto, (max-width: 502px) 100vw, 502px" /></figure>



<p></p>
