{"id":1517,"date":"2023-09-05T15:04:38","date_gmt":"2023-09-05T14:04:38","guid":{"rendered":"https:\/\/www.eplefpa-saint-yrieix.fr\/cfppa\/?page_id=1517"},"modified":"2025-10-06T13:48:56","modified_gmt":"2025-10-06T12:48:56","slug":"cctrov-formation-transport-danimaux-vivants","status":"publish","type":"page","link":"http:\/\/www.eplefpa-saint-yrieix.fr\/cfppa\/cctrov-formation-transport-danimaux-vivants\/","title":{"rendered":"CCTROV"},"content":{"rendered":"\n<p>Prochaine session : Les 13 et 14 novembre 2025<\/p>\n\n\n\n<p>Inscription sur demande au 0555083788 ou cfppa.st-yrieix@educagri.fr<\/p>\n\n\n\n<p>RS : 5549<\/p>\n\n\n\n<p><strong>Date d&rsquo;\u00e9ch\u00e9ance de l&rsquo;enregistrement : 31.12.2026<br>D\u00e9livr\u00e9 par le Minist\u00e8re de l&rsquo;Agriculture et de la Souverainet\u00e9 Alimentaire<\/strong><\/p>\n\n\n\n<figure class=\"wp-block-image size-full\"><img loading=\"lazy\" decoding=\"async\" width=\"637\" height=\"336\" src=\"https:\/\/www.eplefpa-saint-yrieix.fr\/cfppa\/wp-content\/uploads\/2024\/01\/4C-st-yrieix-la-perche-2-compressed-C1.jpg\" alt=\"\" class=\"wp-image-1541\" srcset=\"http:\/\/www.eplefpa-saint-yrieix.fr\/cfppa\/wp-content\/uploads\/2024\/01\/4C-st-yrieix-la-perche-2-compressed-C1.jpg 637w, http:\/\/www.eplefpa-saint-yrieix.fr\/cfppa\/wp-content\/uploads\/2024\/01\/4C-st-yrieix-la-perche-2-compressed-C1-300x158.jpg 300w\" sizes=\"auto, (max-width: 637px) 100vw, 637px\" \/><\/figure>\n\n\n\n<figure class=\"wp-block-image size-full\"><img loading=\"lazy\" decoding=\"async\" width=\"637\" height=\"901\" src=\"https:\/\/www.eplefpa-saint-yrieix.fr\/cfppa\/wp-content\/uploads\/2024\/01\/4C-st-yrieix-la-perche-2-compressed_Page_1.jpg\" alt=\"\" class=\"wp-image-1543\" srcset=\"http:\/\/www.eplefpa-saint-yrieix.fr\/cfppa\/wp-content\/uploads\/2024\/01\/4C-st-yrieix-la-perche-2-compressed_Page_1.jpg 637w, http:\/\/www.eplefpa-saint-yrieix.fr\/cfppa\/wp-content\/uploads\/2024\/01\/4C-st-yrieix-la-perche-2-compressed_Page_1-212x300.jpg 212w\" sizes=\"auto, (max-width: 637px) 100vw, 637px\" \/><\/figure>\n\n\n\n<figure class=\"wp-block-image size-large\"><img loading=\"lazy\" decoding=\"async\" width=\"724\" height=\"1024\" src=\"https:\/\/www.eplefpa-saint-yrieix.fr\/cfppa\/wp-content\/uploads\/2024\/01\/4C-st-yrieix-la-perche-2-compressed_Page_2-724x1024.jpg\" alt=\"\" class=\"wp-image-1544\" srcset=\"http:\/\/www.eplefpa-saint-yrieix.fr\/cfppa\/wp-content\/uploads\/2024\/01\/4C-st-yrieix-la-perche-2-compressed_Page_2-724x1024.jpg 724w, http:\/\/www.eplefpa-saint-yrieix.fr\/cfppa\/wp-content\/uploads\/2024\/01\/4C-st-yrieix-la-perche-2-compressed_Page_2-212x300.jpg 212w, http:\/\/www.eplefpa-saint-yrieix.fr\/cfppa\/wp-content\/uploads\/2024\/01\/4C-st-yrieix-la-perche-2-compressed_Page_2-768x1086.jpg 768w, http:\/\/www.eplefpa-saint-yrieix.fr\/cfppa\/wp-content\/uploads\/2024\/01\/4C-st-yrieix-la-perche-2-compressed_Page_2-1086x1536.jpg 1086w, http:\/\/www.eplefpa-saint-yrieix.fr\/cfppa\/wp-content\/uploads\/2024\/01\/4C-st-yrieix-la-perche-2-compressed_Page_2-1448x2048.jpg 1448w, http:\/\/www.eplefpa-saint-yrieix.fr\/cfppa\/wp-content\/uploads\/2024\/01\/4C-st-yrieix-la-perche-2-compressed_Page_2.jpg 1655w\" sizes=\"auto, (max-width: 724px) 100vw, 724px\" \/><\/figure>\n","protected":false},"excerpt":{"rendered":"<p> <a class=\"more-link\" href=\"http:\/\/www.eplefpa-saint-yrieix.fr\/cfppa\/cctrov-formation-transport-danimaux-vivants\/\">Lire plus &#8230;<\/a><\/p>\n","protected":false},"author":3,"featured_media":0,"parent":0,"menu_order":0,"comment_status":"closed","ping_status":"closed","template":"","meta":{"footnotes":""},"class_list":["post-1517","page","type-page","status-publish","hentry"],"_links":{"self":[{"href":"http:\/\/www.eplefpa-saint-yrieix.fr\/cfppa\/wp-json\/wp\/v2\/pages\/1517","targetHints":{"allow":["GET"]}}],"collection":[{"href":"http:\/\/www.eplefpa-saint-yrieix.fr\/cfppa\/wp-json\/wp\/v2\/pages"}],"about":[{"href":"http:\/\/www.eplefpa-saint-yrieix.fr\/cfppa\/wp-json\/wp\/v2\/types\/page"}],"author":[{"embeddable":true,"href":"http:\/\/www.eplefpa-saint-yrieix.fr\/cfppa\/wp-json\/wp\/v2\/users\/3"}],"replies":[{"embeddable":true,"href":"http:\/\/www.eplefpa-saint-yrieix.fr\/cfppa\/wp-json\/wp\/v2\/comments?post=1517"}],"version-history":[{"count":8,"href":"http:\/\/www.eplefpa-saint-yrieix.fr\/cfppa\/wp-json\/wp\/v2\/pages\/1517\/revisions"}],"predecessor-version":[{"id":1742,"href":"http:\/\/www.eplefpa-saint-yrieix.fr\/cfppa\/wp-json\/wp\/v2\/pages\/1517\/revisions\/1742"}],"wp:attachment":[{"href":"http:\/\/www.eplefpa-saint-yrieix.fr\/cfppa\/wp-json\/wp\/v2\/media?parent=1517"}],"curies":[{"name":"wp","href":"https:\/\/api.w.org\/{rel}","templated":true}]}}

<p>Prochaine session : Les 13 et 14 novembre 2025</p>



<p>Inscription sur demande au 0555083788 ou cfppa.st-yrieix@educagri.fr</p>



<p>RS : 5549</p>



<p><strong>Date d&rsquo;échéance de l&rsquo;enregistrement : 31.12.2026<br>Délivré par le Ministère de l&rsquo;Agriculture et de la Souveraineté Alimentaire</strong></p>



<figure class="wp-block-image size-full"><img loading="lazy" decoding="async" width="637" height="336" src="https://www.eplefpa-saint-yrieix.fr/cfppa/wp-content/uploads/2024/01/4C-st-yrieix-la-perche-2-compressed-C1.jpg" alt="" class="wp-image-1541" srcset="http://www.eplefpa-saint-yrieix.fr/cfppa/wp-content/uploads/2024/01/4C-st-yrieix-la-perche-2-compressed-C1.jpg 637w, http://www.eplefpa-saint-yrieix.fr/cfppa/wp-content/uploads/2024/01/4C-st-yrieix-la-perche-2-compressed-C1-300x158.jpg 300w" sizes="auto, (max-width: 637px) 100vw, 637px" /></figure>



<figure class="wp-block-image size-full"><img loading="lazy" decoding="async" width="637" height="901" src="https://www.eplefpa-saint-yrieix.fr/cfppa/wp-content/uploads/2024/01/4C-st-yrieix-la-perche-2-compressed_Page_1.jpg" alt="" class="wp-image-1543" srcset="http://www.eplefpa-saint-yrieix.fr/cfppa/wp-content/uploads/2024/01/4C-st-yrieix-la-perche-2-compressed_Page_1.jpg 637w, http://www.eplefpa-saint-yrieix.fr/cfppa/wp-content/uploads/2024/01/4C-st-yrieix-la-perche-2-compressed_Page_1-212x300.jpg 212w" sizes="auto, (max-width: 637px) 100vw, 637px" /></figure>



<figure class="wp-block-image size-large"><img loading="lazy" decoding="async" width="724" height="1024" src="https://www.eplefpa-saint-yrieix.fr/cfppa/wp-content/uploads/2024/01/4C-st-yrieix-la-perche-2-compressed_Page_2-724x1024.jpg" alt="" class="wp-image-1544" srcset="http://www.eplefpa-saint-yrieix.fr/cfppa/wp-content/uploads/2024/01/4C-st-yrieix-la-perche-2-compressed_Page_2-724x1024.jpg 724w, http://www.eplefpa-saint-yrieix.fr/cfppa/wp-content/uploads/2024/01/4C-st-yrieix-la-perche-2-compressed_Page_2-212x300.jpg 212w, http://www.eplefpa-saint-yrieix.fr/cfppa/wp-content/uploads/2024/01/4C-st-yrieix-la-perche-2-compressed_Page_2-768x1086.jpg 768w, http://www.eplefpa-saint-yrieix.fr/cfppa/wp-content/uploads/2024/01/4C-st-yrieix-la-perche-2-compressed_Page_2-1086x1536.jpg 1086w, http://www.eplefpa-saint-yrieix.fr/cfppa/wp-content/uploads/2024/01/4C-st-yrieix-la-perche-2-compressed_Page_2-1448x2048.jpg 1448w, http://www.eplefpa-saint-yrieix.fr/cfppa/wp-content/uploads/2024/01/4C-st-yrieix-la-perche-2-compressed_Page_2.jpg 1655w" sizes="auto, (max-width: 724px) 100vw, 724px" /></figure>
