{"id":886,"date":"2022-01-06T13:51:14","date_gmt":"2022-01-06T13:51:14","guid":{"rendered":"http:\/\/www.eplefpa-saint-yrieix.fr\/cfppa\/?page_id=886"},"modified":"2025-10-06T13:36:36","modified_gmt":"2025-10-06T12:36:36","slug":"formations-qualifiantes","status":"publish","type":"page","link":"http:\/\/www.eplefpa-saint-yrieix.fr\/cfppa\/formations-qualifiantes\/","title":{"rendered":"Formations Qualifiantes"},"content":{"rendered":"\n<p><sup> Date de mise \u00e0 jour : 12 juin 2025 <\/sup><\/p>\n\n\n\n<p>Les formations qualifiantes<\/p>\n\n\n\n<p>Les formations qualifiantes sont accessibles par voie continue, en apprentissage ou en contrat de professionnalisation.  Les formations sont \u00e9galement accessibles par un financement CPF dans leurs globalit\u00e9s ou par blocs de comp\u00e9tences.  <\/p>\n\n\n\n<p>Le catalogue de nos formations est t\u00e9l\u00e9chargeable ici:  <\/p>\n\n\n\n<p>Formation <mark style=\"background-color:rgba(0, 0, 0, 0)\" class=\"has-inline-color has-tahiti-gold-color\"><a href=\"http:\/\/www.eplefpa-saint-yrieix.fr\/cfppa\/bprea\/\" data-type=\"URL\" data-id=\"http:\/\/www.eplefpa-saint-yrieix.fr\/cfppa\/bprea\/\">BPREA<\/a><\/mark> &#8211; Brevet Responsable d&rsquo;Exploitations Agricoles<\/p>\n\n\n\n<p>Formation <a href=\"http:\/\/www.eplefpa-saint-yrieix.fr\/cfppa\/capa-ma-option-arboriculture\/\" data-type=\"URL\" data-id=\"http:\/\/www.eplefpa-saint-yrieix.fr\/cfppa\/capa-ma-option-arboriculture\/\">CAPA<\/a> &#8211; Certificat d&rsquo;Aptitude Professionnelle Agricole<\/p>\n\n\n\n<p>Formation BP CMA &#8211; Conduite des machines agricoles<\/p>\n\n\n\n<p>Formation <a href=\"http:\/\/www.eplefpa-saint-yrieix.fr\/cfppa\/cqp\/\">CQP Conducteur d&rsquo;engin<\/a> agricoles &#8211; Certificat de Qualification Professionnelle  Conducteur d&rsquo;engin agricoles <\/p>\n\n\n\n<p>Formation <a href=\"http:\/\/www.eplefpa-saint-yrieix.fr\/cfppa\/wp-content\/uploads\/2025\/06\/BTS-GDEA.pdf\">BTS GDEA<\/a> (G\u00e9nie des \u00e9quipements agricoles)<\/p>\n","protected":false},"excerpt":{"rendered":"<p> <a class=\"more-link\" href=\"http:\/\/www.eplefpa-saint-yrieix.fr\/cfppa\/formations-qualifiantes\/\">Lire plus &#8230;<\/a><\/p>\n","protected":false},"author":3,"featured_media":0,"parent":0,"menu_order":0,"comment_status":"closed","ping_status":"closed","template":"","meta":{"footnotes":""},"class_list":["post-886","page","type-page","status-publish","hentry"],"_links":{"self":[{"href":"http:\/\/www.eplefpa-saint-yrieix.fr\/cfppa\/wp-json\/wp\/v2\/pages\/886","targetHints":{"allow":["GET"]}}],"collection":[{"href":"http:\/\/www.eplefpa-saint-yrieix.fr\/cfppa\/wp-json\/wp\/v2\/pages"}],"about":[{"href":"http:\/\/www.eplefpa-saint-yrieix.fr\/cfppa\/wp-json\/wp\/v2\/types\/page"}],"author":[{"embeddable":true,"href":"http:\/\/www.eplefpa-saint-yrieix.fr\/cfppa\/wp-json\/wp\/v2\/users\/3"}],"replies":[{"embeddable":true,"href":"http:\/\/www.eplefpa-saint-yrieix.fr\/cfppa\/wp-json\/wp\/v2\/comments?post=886"}],"version-history":[{"count":18,"href":"http:\/\/www.eplefpa-saint-yrieix.fr\/cfppa\/wp-json\/wp\/v2\/pages\/886\/revisions"}],"predecessor-version":[{"id":1735,"href":"http:\/\/www.eplefpa-saint-yrieix.fr\/cfppa\/wp-json\/wp\/v2\/pages\/886\/revisions\/1735"}],"wp:attachment":[{"href":"http:\/\/www.eplefpa-saint-yrieix.fr\/cfppa\/wp-json\/wp\/v2\/media?parent=886"}],"curies":[{"name":"wp","href":"https:\/\/api.w.org\/{rel}","templated":true}]}}