{"id":893,"date":"2022-01-06T13:54:18","date_gmt":"2022-01-06T13:54:18","guid":{"rendered":"http:\/\/www.eplefpa-saint-yrieix.fr\/cfppa\/?page_id=893"},"modified":"2025-10-06T14:19:09","modified_gmt":"2025-10-06T13:19:09","slug":"formations-courtes","status":"publish","type":"page","link":"http:\/\/www.eplefpa-saint-yrieix.fr\/cfppa\/formations-courtes\/","title":{"rendered":"Formations Courtes"},"content":{"rendered":"\n<p>Catalogue Formations Courtes &#8211; <a href=\"http:\/\/www.eplefpa-saint-yrieix.fr\/cfppa\/wp-content\/uploads\/2025\/10\/Planning-Formations-Courtes-2025-2026.pdf\">Planning<\/a><\/p>\n\n\n\n<p><sup>Date de mise \u00e0 jour : <\/sup>06 octobre 2025<\/p>\n\n\n\n<p>Les formations courtes sont destin\u00e9es \u00e0 acqu\u00e9rir une comp\u00e9tence dans un domaine bien particulier en quelques heures de formations. La dur\u00e9e peut varier de 7 \u00e0 35 heures.  <\/p>\n\n\n\n<p>Formations courtes :<\/p>\n\n\n\n<ul class=\"wp-block-list\">\n<li><a href=\"http:\/\/www.eplefpa-saint-yrieix.fr\/cfppa\/wp-content\/uploads\/2025\/10\/Formation-Taille.pdf\">Taille des arbres fruitiers<\/a><\/li>\n\n\n\n<li><a href=\"http:\/\/www.eplefpa-saint-yrieix.fr\/cfppa\/wp-content\/uploads\/2025\/10\/Formation-Greffage.pdf\">Le greffage<\/a><\/li>\n\n\n\n<li><a href=\"http:\/\/www.eplefpa-saint-yrieix.fr\/cfppa\/wp-content\/uploads\/2025\/10\/Formation-Conduite.pdf\">Conduite des engins agricoles<\/a><\/li>\n\n\n\n<li><a href=\"http:\/\/www.eplefpa-saint-yrieix.fr\/cfppa\/wp-content\/uploads\/2025\/10\/Formation-Soudure.pdf\">Technique de soudure<\/a><\/li>\n\n\n\n<li><a href=\"http:\/\/www.eplefpa-saint-yrieix.fr\/cfppa\/wp-content\/uploads\/2025\/10\/Formation-petits-fruits.pdf\">Formation petits fruits<\/a><\/li>\n\n\n\n<li>Certiphyto initial et renouvellement pour les salari\u00e9s<\/li>\n\n\n\n<li><a href=\"http:\/\/www.eplefpa-saint-yrieix.fr\/cfppa\/wp-content\/uploads\/2022\/03\/4C-st-yrieix-la-perche-22222.pdf\">CCTROV (Captav)<\/a> <a href=\"https:\/\/formation-tav.fr\/home\" target=\"_blank\" rel=\"noopener\">Formation au transport d&rsquo;animaux vivants<\/a><\/li>\n<\/ul>\n\n\n\n<p><\/p>\n","protected":false},"excerpt":{"rendered":"<p> <a class=\"more-link\" href=\"http:\/\/www.eplefpa-saint-yrieix.fr\/cfppa\/formations-courtes\/\">Lire plus &#8230;<\/a><\/p>\n","protected":false},"author":3,"featured_media":0,"parent":0,"menu_order":0,"comment_status":"closed","ping_status":"closed","template":"","meta":{"footnotes":""},"class_list":["post-893","page","type-page","status-publish","hentry"],"_links":{"self":[{"href":"http:\/\/www.eplefpa-saint-yrieix.fr\/cfppa\/wp-json\/wp\/v2\/pages\/893","targetHints":{"allow":["GET"]}}],"collection":[{"href":"http:\/\/www.eplefpa-saint-yrieix.fr\/cfppa\/wp-json\/wp\/v2\/pages"}],"about":[{"href":"http:\/\/www.eplefpa-saint-yrieix.fr\/cfppa\/wp-json\/wp\/v2\/types\/page"}],"author":[{"embeddable":true,"href":"http:\/\/www.eplefpa-saint-yrieix.fr\/cfppa\/wp-json\/wp\/v2\/users\/3"}],"replies":[{"embeddable":true,"href":"http:\/\/www.eplefpa-saint-yrieix.fr\/cfppa\/wp-json\/wp\/v2\/comments?post=893"}],"version-history":[{"count":55,"href":"http:\/\/www.eplefpa-saint-yrieix.fr\/cfppa\/wp-json\/wp\/v2\/pages\/893\/revisions"}],"predecessor-version":[{"id":1766,"href":"http:\/\/www.eplefpa-saint-yrieix.fr\/cfppa\/wp-json\/wp\/v2\/pages\/893\/revisions\/1766"}],"wp:attachment":[{"href":"http:\/\/www.eplefpa-saint-yrieix.fr\/cfppa\/wp-json\/wp\/v2\/media?parent=893"}],"curies":[{"name":"wp","href":"https:\/\/api.w.org\/{rel}","templated":true}]}}

<p>Catalogue Formations Courtes &#8211; <a href="http://www.eplefpa-saint-yrieix.fr/cfppa/wp-content/uploads/2025/10/Planning-Formations-Courtes-2025-2026.pdf">Planning</a></p>



<p><sup>Date de mise à jour : </sup>06 octobre 2025</p>



<p>Les formations courtes sont destinées à acquérir une compétence dans un domaine bien particulier en quelques heures de formations. La durée peut varier de 7 à 35 heures.  </p>



<p>Formations courtes :</p>



<ul class="wp-block-list">
<li><a href="http://www.eplefpa-saint-yrieix.fr/cfppa/wp-content/uploads/2025/10/Formation-Taille.pdf">Taille des arbres fruitiers</a></li>



<li><a href="http://www.eplefpa-saint-yrieix.fr/cfppa/wp-content/uploads/2025/10/Formation-Greffage.pdf">Le greffage</a></li>



<li><a href="http://www.eplefpa-saint-yrieix.fr/cfppa/wp-content/uploads/2025/10/Formation-Conduite.pdf">Conduite des engins agricoles</a></li>



<li><a href="http://www.eplefpa-saint-yrieix.fr/cfppa/wp-content/uploads/2025/10/Formation-Soudure.pdf">Technique de soudure</a></li>



<li><a href="http://www.eplefpa-saint-yrieix.fr/cfppa/wp-content/uploads/2025/10/Formation-petits-fruits.pdf">Formation petits fruits</a></li>



<li>Certiphyto initial et renouvellement pour les salariés</li>



<li><a href="http://www.eplefpa-saint-yrieix.fr/cfppa/wp-content/uploads/2022/03/4C-st-yrieix-la-perche-22222.pdf">CCTROV (Captav)</a> <a href="https://formation-tav.fr/home" target="_blank" rel="noopener">Formation au transport d&rsquo;animaux vivants</a></li>
</ul>



<p></p>
