{"id":977,"date":"2022-01-12T14:24:20","date_gmt":"2022-01-12T14:24:20","guid":{"rendered":"http:\/\/www.eplefpa-saint-yrieix.fr\/cfppa\/?page_id=977"},"modified":"2025-06-12T08:55:01","modified_gmt":"2025-06-12T07:55:01","slug":"capa-ma-option-arboriculture","status":"publish","type":"page","link":"http:\/\/www.eplefpa-saint-yrieix.fr\/cfppa\/capa-ma-option-arboriculture\/","title":{"rendered":"CAPA MA Option Arboriculture"},"content":{"rendered":"\n<p><sup> Date de mise \u00e0 jour : 12 juin 2025<\/sup> <a href=\"http:\/\/www.eplefpa-saint-yrieix.fr\/cfppa\/wp-content\/uploads\/2025\/06\/CAPA-HSP-Adulte-v1.pdf\">T\u00e9l\u00e9chargement Fiche de formation<\/a><\/p>\n\n\n\n<p>Cette formation est \u00e9galement disponible en apprentissage sur deux ans (option arboriculture et \u00e9levage) <a href=\"http:\/\/www.eplefpa-saint-yrieix.fr\/cfppa\/wp-content\/uploads\/2025\/06\/CAPa-Ma-Apprentissage-1.pdf\">Plaquette CAPA en apprentissage<\/a><\/p>\n\n\n\n<p>Cette formation permet d&rsquo;obtenir une qualification pour travailler dans les vergers en tant que salari\u00e9, chef de culture ou s&rsquo;installer sur une exploitation. <\/p>\n\n\n\n<p>La demande de salari\u00e9s agricoles sp\u00e9cialis\u00e9s en Arboriculture est tr\u00e8s importante dans notre r\u00e9gion. Les exploitations sont en recherche continue de personnes qualifi\u00e9es. Dans les prochaines ann\u00e9es, de nombreux exploitants vont arriver \u00e0 l&rsquo;\u00e2ge de la retraite et vont devoir laisser leurs structures \u00e0 des jeunes repreneurs.  <\/p>\n\n\n\n<p>La formation est ouverte aux demandeurs d&#8217;emplois ayant d\u00e9j\u00e0 travaill\u00e9s ou non dans le milieu agricole, en reconversion professionnelle ou souhaitant juste acqu\u00e9rir une qualification suppl\u00e9mentaire. <\/p>\n\n\n\n<p>La formation est financer par la R\u00e9gion Nouvelle aquitaine avec une possibilit\u00e9 de r\u00e9mun\u00e9ration selon la situation de la personne. <\/p>\n\n\n\n<figure class=\"wp-block-gallery has-nested-images columns-default is-cropped wp-block-gallery-1 is-layout-flex wp-block-gallery-is-layout-flex\">\n<figure class=\"wp-block-image size-large\"><img loading=\"lazy\" decoding=\"async\" width=\"719\" height=\"1024\" data-id=\"1679\" src=\"https:\/\/www.eplefpa-saint-yrieix.fr\/cfppa\/wp-content\/uploads\/2025\/06\/CAPA-HSP-Adulte-v1_Page_1-719x1024.png\" alt=\"\" class=\"wp-image-1679\" srcset=\"http:\/\/www.eplefpa-saint-yrieix.fr\/cfppa\/wp-content\/uploads\/2025\/06\/CAPA-HSP-Adulte-v1_Page_1-719x1024.png 719w, http:\/\/www.eplefpa-saint-yrieix.fr\/cfppa\/wp-content\/uploads\/2025\/06\/CAPA-HSP-Adulte-v1_Page_1-211x300.png 211w, http:\/\/www.eplefpa-saint-yrieix.fr\/cfppa\/wp-content\/uploads\/2025\/06\/CAPA-HSP-Adulte-v1_Page_1-768x1093.png 768w, http:\/\/www.eplefpa-saint-yrieix.fr\/cfppa\/wp-content\/uploads\/2025\/06\/CAPA-HSP-Adulte-v1_Page_1-1079x1536.png 1079w, http:\/\/www.eplefpa-saint-yrieix.fr\/cfppa\/wp-content\/uploads\/2025\/06\/CAPA-HSP-Adulte-v1_Page_1-1438x2048.png 1438w\" sizes=\"auto, (max-width: 719px) 100vw, 719px\" \/><\/figure>\n<\/figure>\n\n\n\n<figure class=\"wp-block-image size-large\"><img loading=\"lazy\" decoding=\"async\" width=\"717\" height=\"1024\" src=\"https:\/\/www.eplefpa-saint-yrieix.fr\/cfppa\/wp-content\/uploads\/2025\/06\/CAPA-HSP-Adulte-v1_Page_2-1-717x1024.png\" alt=\"\" class=\"wp-image-1681\" srcset=\"http:\/\/www.eplefpa-saint-yrieix.fr\/cfppa\/wp-content\/uploads\/2025\/06\/CAPA-HSP-Adulte-v1_Page_2-1-717x1024.png 717w, http:\/\/www.eplefpa-saint-yrieix.fr\/cfppa\/wp-content\/uploads\/2025\/06\/CAPA-HSP-Adulte-v1_Page_2-1-210x300.png 210w, http:\/\/www.eplefpa-saint-yrieix.fr\/cfppa\/wp-content\/uploads\/2025\/06\/CAPA-HSP-Adulte-v1_Page_2-1-768x1097.png 768w, http:\/\/www.eplefpa-saint-yrieix.fr\/cfppa\/wp-content\/uploads\/2025\/06\/CAPA-HSP-Adulte-v1_Page_2-1-1076x1536.png 1076w, http:\/\/www.eplefpa-saint-yrieix.fr\/cfppa\/wp-content\/uploads\/2025\/06\/CAPA-HSP-Adulte-v1_Page_2-1-1434x2048.png 1434w, http:\/\/www.eplefpa-saint-yrieix.fr\/cfppa\/wp-content\/uploads\/2025\/06\/CAPA-HSP-Adulte-v1_Page_2-1.png 1736w\" sizes=\"auto, (max-width: 717px) 100vw, 717px\" \/><\/figure>\n","protected":false},"excerpt":{"rendered":"<p> <a class=\"more-link\" href=\"http:\/\/www.eplefpa-saint-yrieix.fr\/cfppa\/capa-ma-option-arboriculture\/\">Lire plus &#8230;<\/a><\/p>\n","protected":false},"author":3,"featured_media":0,"parent":0,"menu_order":0,"comment_status":"closed","ping_status":"closed","template":"","meta":{"footnotes":""},"class_list":["post-977","page","type-page","status-publish","hentry"],"_links":{"self":[{"href":"http:\/\/www.eplefpa-saint-yrieix.fr\/cfppa\/wp-json\/wp\/v2\/pages\/977","targetHints":{"allow":["GET"]}}],"collection":[{"href":"http:\/\/www.eplefpa-saint-yrieix.fr\/cfppa\/wp-json\/wp\/v2\/pages"}],"about":[{"href":"http:\/\/www.eplefpa-saint-yrieix.fr\/cfppa\/wp-json\/wp\/v2\/types\/page"}],"author":[{"embeddable":true,"href":"http:\/\/www.eplefpa-saint-yrieix.fr\/cfppa\/wp-json\/wp\/v2\/users\/3"}],"replies":[{"embeddable":true,"href":"http:\/\/www.eplefpa-saint-yrieix.fr\/cfppa\/wp-json\/wp\/v2\/comments?post=977"}],"version-history":[{"count":18,"href":"http:\/\/www.eplefpa-saint-yrieix.fr\/cfppa\/wp-json\/wp\/v2\/pages\/977\/revisions"}],"predecessor-version":[{"id":1721,"href":"http:\/\/www.eplefpa-saint-yrieix.fr\/cfppa\/wp-json\/wp\/v2\/pages\/977\/revisions\/1721"}],"wp:attachment":[{"href":"http:\/\/www.eplefpa-saint-yrieix.fr\/cfppa\/wp-json\/wp\/v2\/media?parent=977"}],"curies":[{"name":"wp","href":"https:\/\/api.w.org\/{rel}","templated":true}]}}

<p><sup> Date de mise à jour : 12 juin 2025</sup> <a href="http://www.eplefpa-saint-yrieix.fr/cfppa/wp-content/uploads/2025/06/CAPA-HSP-Adulte-v1.pdf">Téléchargement Fiche de formation</a></p>



<p>Cette formation est également disponible en apprentissage sur deux ans (option arboriculture et élevage) <a href="http://www.eplefpa-saint-yrieix.fr/cfppa/wp-content/uploads/2025/06/CAPa-Ma-Apprentissage-1.pdf">Plaquette CAPA en apprentissage</a></p>



<p>Cette formation permet d&rsquo;obtenir une qualification pour travailler dans les vergers en tant que salarié, chef de culture ou s&rsquo;installer sur une exploitation. </p>



<p>La demande de salariés agricoles spécialisés en Arboriculture est très importante dans notre région. Les exploitations sont en recherche continue de personnes qualifiées. Dans les prochaines années, de nombreux exploitants vont arriver à l&rsquo;âge de la retraite et vont devoir laisser leurs structures à des jeunes repreneurs.  </p>



<p>La formation est ouverte aux demandeurs d&#8217;emplois ayant déjà travaillés ou non dans le milieu agricole, en reconversion professionnelle ou souhaitant juste acquérir une qualification supplémentaire. </p>



<p>La formation est financer par la Région Nouvelle aquitaine avec une possibilité de rémunération selon la situation de la personne. </p>



<figure class="wp-block-gallery has-nested-images columns-default is-cropped wp-block-gallery-1 is-layout-flex wp-block-gallery-is-layout-flex">
<figure class="wp-block-image size-large"><img loading="lazy" decoding="async" width="719" height="1024" data-id="1679" src="https://www.eplefpa-saint-yrieix.fr/cfppa/wp-content/uploads/2025/06/CAPA-HSP-Adulte-v1_Page_1-719x1024.png" alt="" class="wp-image-1679" srcset="http://www.eplefpa-saint-yrieix.fr/cfppa/wp-content/uploads/2025/06/CAPA-HSP-Adulte-v1_Page_1-719x1024.png 719w, http://www.eplefpa-saint-yrieix.fr/cfppa/wp-content/uploads/2025/06/CAPA-HSP-Adulte-v1_Page_1-211x300.png 211w, http://www.eplefpa-saint-yrieix.fr/cfppa/wp-content/uploads/2025/06/CAPA-HSP-Adulte-v1_Page_1-768x1093.png 768w, http://www.eplefpa-saint-yrieix.fr/cfppa/wp-content/uploads/2025/06/CAPA-HSP-Adulte-v1_Page_1-1079x1536.png 1079w, http://www.eplefpa-saint-yrieix.fr/cfppa/wp-content/uploads/2025/06/CAPA-HSP-Adulte-v1_Page_1-1438x2048.png 1438w" sizes="auto, (max-width: 719px) 100vw, 719px" /></figure>
</figure>



<figure class="wp-block-image size-large"><img loading="lazy" decoding="async" width="717" height="1024" src="https://www.eplefpa-saint-yrieix.fr/cfppa/wp-content/uploads/2025/06/CAPA-HSP-Adulte-v1_Page_2-1-717x1024.png" alt="" class="wp-image-1681" srcset="http://www.eplefpa-saint-yrieix.fr/cfppa/wp-content/uploads/2025/06/CAPA-HSP-Adulte-v1_Page_2-1-717x1024.png 717w, http://www.eplefpa-saint-yrieix.fr/cfppa/wp-content/uploads/2025/06/CAPA-HSP-Adulte-v1_Page_2-1-210x300.png 210w, http://www.eplefpa-saint-yrieix.fr/cfppa/wp-content/uploads/2025/06/CAPA-HSP-Adulte-v1_Page_2-1-768x1097.png 768w, http://www.eplefpa-saint-yrieix.fr/cfppa/wp-content/uploads/2025/06/CAPA-HSP-Adulte-v1_Page_2-1-1076x1536.png 1076w, http://www.eplefpa-saint-yrieix.fr/cfppa/wp-content/uploads/2025/06/CAPA-HSP-Adulte-v1_Page_2-1-1434x2048.png 1434w, http://www.eplefpa-saint-yrieix.fr/cfppa/wp-content/uploads/2025/06/CAPA-HSP-Adulte-v1_Page_2-1.png 1736w" sizes="auto, (max-width: 717px) 100vw, 717px" /></figure>
